{"id":24,"date":"2025-02-23T11:57:54","date_gmt":"2025-02-23T11:57:54","guid":{"rendered":"https:\/\/www.veterka.cz\/wordpress\/domu\/"},"modified":"2025-08-07T11:28:12","modified_gmt":"2025-08-07T11:28:12","slug":"domu","status":"publish","type":"page","link":"https:\/\/www.veterka.cz\/wordpress\/","title":{"rendered":"\u00davod"},"content":{"rendered":"<div class=\"wp-block-group alignfull has-tertiary-background-color has-background has-global-padding is-layout-constrained wp-container-core-group-is-layout-7276a2bb wp-block-group-is-layout-constrained\" id=\"o-nas\" style=\"margin-top:0;margin-bottom:0;padding-top:var(--wp--preset--spacing--60);padding-right:var(--wp--preset--spacing--30);padding-bottom:var(--wp--preset--spacing--60);padding-left:var(--wp--preset--spacing--30)\"><div class=\"wp-block-columns alignwide are-vertically-aligned-center is-layout-flex wp-container-core-columns-is-layout-47c06fe3 wp-block-columns-is-layout-flex\"><div class=\"wp-block-column is-vertically-aligned-center is-layout-flow wp-block-column-is-layout-flow\" style=\"flex-basis:33.3%\"><h2 class=\"wp-block-heading has-large-font-size\">Veterin\u00e1rn\u00ed ambulance VETERKA<\/h2>\n\n<p style=\"margin-top:16px\">Nov\u011b otev\u0159en\u00e1 veterin\u00e1rn\u00ed ambulance se zam\u011b\u0159en\u00edm na preventivn\u00ed medic\u00ednu a stomatologii mal\u00fdch zv\u00ed\u0159at.<\/p>\n\n<p><\/p>\n\n<p style=\"margin-top:16px\">Na\u0161e hodnoty stoj\u00ed na odbornosti, p\u00e9\u010di a osobn\u00edm p\u0159\u00edstupu ke ka\u017ed\u00e9mu pacientovi. <\/p><\/div>\n\n<div class=\"wp-block-column is-layout-flow wp-block-column-is-layout-flow\"><figure class=\"wp-block-image size-full\"><img loading=\"lazy\" decoding=\"async\" width=\"200\" height=\"300\" src=\"https:\/\/www.veterka.cz\/wordpress\/wp-content\/uploads\/2025\/03\/FotoTK-1.jpg\" alt=\"\" class=\"wp-image-185\"\/><\/figure><\/div><\/div><\/div><div class=\"wp-block-group alignfull has-background-background-color has-background has-global-padding is-layout-constrained wp-container-core-group-is-layout-7276a2bb wp-block-group-is-layout-constrained\" id=\"sluzby\" style=\"margin-top:0;margin-bottom:0;padding-top:var(--wp--preset--spacing--60);padding-right:var(--wp--preset--spacing--30);padding-bottom:var(--wp--preset--spacing--60);padding-left:var(--wp--preset--spacing--30)\"><div class=\"wp-block-group alignwide is-vertical is-layout-flex wp-container-core-group-is-layout-fe9cc265 wp-block-group-is-layout-flex\"><div class=\"wp-block-group has-global-padding is-layout-constrained wp-block-group-is-layout-constrained\"><h2 class=\"wp-block-heading has-large-font-size\">Nab\u00edzen\u00e9 slu\u017eby<\/h2>\n\n<p style=\"margin-top:16px\">\u017d\u00e1dn\u00e9 zbyte\u010dn\u00e9 \u010dek\u00e1n\u00ed, ka\u017ed\u00fd pacient je objedn\u00e1n a je na n\u011bj vyhrazeno dostate\u010dn\u00e9 mno\u017estv\u00ed \u010dasu.<\/p>\n\n<p>Objednejte se p\u0159es online rezerva\u010dn\u00ed syst\u00e9m &#8211; <a href=\"http:\/\/reenio.cz\/cs\/redirect\/reservationpage\/20883\" target=\"_blank\" rel=\"noreferrer noopener\">rezervovat term\u00edn<\/a>.<\/p>\n\n<p>Nevyhovuje v\u00e1m ordina\u010dn\u00ed doba? Napi\u0161te na info@veterka.cz nebo volejte na 608 875 925 a domluv\u00edme se na vhodn\u00e9m term\u00ednu. M\u016f\u017eete vyu\u017e\u00edt i komunikaci p\u0159es Viber.<\/p>\n\n<p style=\"margin-top:16px\"><\/p><\/div><\/div>\n\n<div class=\"wp-block-columns alignwide is-layout-flex wp-container-core-columns-is-layout-28f84493 wp-block-columns-is-layout-flex\"><div class=\"wp-block-column is-layout-flow wp-block-column-is-layout-flow\" style=\"flex-basis:80%\"><div class=\"wp-block-columns alignwide is-layout-flex wp-container-core-columns-is-layout-28f84493 wp-block-columns-is-layout-flex\"><div class=\"wp-block-column has-tertiary-background-color has-background is-layout-flow wp-block-column-is-layout-flow\" style=\"padding-top:1.5rem;padding-right:1.5rem;padding-bottom:1.5rem;padding-left:1.5rem\"><h3 class=\"wp-block-heading\" style=\"font-size:clamp(14px, 0.875rem + ((1vw - 3.2px) * 0.625), 20px);line-height:1.5\">Preventivn\u00ed p\u00e9\u010de<\/h3>\n\n<ul class=\"wp-block-list\"><li>vakcina\u010dn\u00ed programy ps\u016f, ko\u010dek, fretek a kr\u00e1l\u00edk\u016f<\/li>\n\n<li>antiparazit\u00e1rn\u00ed programy<\/li>\n\n<li>preventivn\u00ed klinick\u00e9 vy\u0161et\u0159en\u00ed (zdravotn\u00ed prohl\u00eddka)<\/li>\n\n<li>ozna\u010den\u00ed zv\u00ed\u0159ete mikro\u010dipem a vystaven\u00ed europasu nebo o\u010dkovac\u00edho pr\u016fkazu<\/li>\n\n<li>vy\u0161et\u0159en\u00ed ultrazvukem<\/li>\n\n<li>diagnostika b\u0159ezosti<\/li>\n\n<li>vy\u0161et\u0159en\u00ed zv\u00ed\u0159ete p\u0159ed cestou do zahrani\u010d\u00ed<\/li>\n\n<li>vy\u0161et\u0159en\u00ed zv\u00ed\u0159ete p\u0159ed v\u00fdstavou \u010di z\u00e1vody<\/li>\n\n<li>vy\u0161et\u0159en\u00ed zv\u00ed\u0159ete, kter\u00e9 poranilo \u010dlov\u011bka<\/li>\n\n<li>preventivn\u00ed a p\u0159edopera\u010dn\u00ed vy\u0161et\u0159en\u00ed krve<\/li>\n\n<li>vstupn\u00ed prohl\u00eddky ml\u00e1\u010fat<\/li>\n\n<li>preventivn\u00ed vy\u0161et\u0159en\u00ed geriatrick\u00fdch pacient\u016f<\/li>\n\n<li>odb\u011br vzork\u016f pro genetick\u00e9 vy\u0161et\u0159en\u00ed<\/li>\n\n<li>dal\u0161\u00ed<\/li><\/ul><\/div>\n\n<div class=\"wp-block-column has-tertiary-background-color has-background is-layout-flow wp-block-column-is-layout-flow\" style=\"padding-top:1.5rem;padding-right:1.5rem;padding-bottom:1.5rem;padding-left:1.5rem\"><h3 class=\"wp-block-heading\" style=\"font-size:clamp(14px, 0.875rem + ((1vw - 3.2px) * 0.625), 20px);line-height:1.5\">Stomatologie<\/h3>\n\n<ul class=\"wp-block-list\"><li>vy\u0161et\u0159en\u00ed dutiny \u00fastn\u00ed<\/li>\n\n<li>z\u00e1kroky veden\u00e9 v inhala\u010dn\u00ed anestezii<\/li>\n\n<li>odstran\u011bn\u00ed zubn\u00edho kamene ultrazvukem a le\u0161t\u011bn\u00ed zub\u016f<\/li>\n\n<li>\u0159e\u0161en\u00ed p\u00ed\u0161t\u011bl\u00ed spojen\u00fdch s abscesem u ko\u0159ene zubu<\/li>\n\n<li>trh\u00e1n\u00ed zub\u016f v\u010detn\u011b nevypadl\u00fdch ml\u00e9\u010dn\u00fdch zub\u016f<\/li>\n\n<li>odstran\u011bn\u00ed p\u0159erostl\u00fdch d\u00e1sn\u00ed<\/li>\n\n<li>\u0159e\u0161en\u00ed z\u00e1n\u011bt\u016f dutiny \u00fastn\u00ed u ko\u010dek<\/li>\n\n<li>zubn\u00ed RTG<\/li>\n\n<li>dal\u0161\u00ed<\/li><\/ul>\n\n<p class=\"has-small-font-size\" style=\"margin-top:8px\"><\/p>\n\n<p><\/p>\n\n<p><\/p>\n\n<p><\/p>\n\n<p><\/p>\n\n<p><\/p>\n\n<p><\/p><\/div><\/div><\/div>\n\n<div class=\"wp-block-column is-layout-flow wp-block-column-is-layout-flow\" style=\"flex-basis:50%\"><\/div><\/div><\/div><div class=\"wp-block-columns alignwide is-layout-flex wp-container-core-columns-is-layout-28f84493 wp-block-columns-is-layout-flex\"><div class=\"wp-block-column is-layout-flow wp-block-column-is-layout-flow\" style=\"flex-basis:80%\"><div class=\"wp-block-columns alignwide is-layout-flex wp-container-core-columns-is-layout-28f84493 wp-block-columns-is-layout-flex\"><div class=\"wp-block-column has-tertiary-background-color has-background is-layout-flow wp-block-column-is-layout-flow\" style=\"padding-top:1.5rem;padding-right:1.5rem;padding-bottom:1.5rem;padding-left:1.5rem\"><figure class=\"wp-block-image size-large\"><img loading=\"lazy\" decoding=\"async\" width=\"768\" height=\"1024\" src=\"https:\/\/www.veterka.cz\/wordpress\/wp-content\/uploads\/2025\/07\/veterina-v-Koprivnici-768x1024.jpg\" alt=\"\" class=\"wp-image-224\" srcset=\"https:\/\/www.veterka.cz\/wordpress\/wp-content\/uploads\/2025\/07\/veterina-v-Koprivnici-768x1024.jpg 768w, https:\/\/www.veterka.cz\/wordpress\/wp-content\/uploads\/2025\/07\/veterina-v-Koprivnici-225x300.jpg 225w, https:\/\/www.veterka.cz\/wordpress\/wp-content\/uploads\/2025\/07\/veterina-v-Koprivnici-1152x1536.jpg 1152w, https:\/\/www.veterka.cz\/wordpress\/wp-content\/uploads\/2025\/07\/veterina-v-Koprivnici-1536x2048.jpg 1536w, https:\/\/www.veterka.cz\/wordpress\/wp-content\/uploads\/2025\/07\/veterina-v-Koprivnici-600x800.jpg 600w, https:\/\/www.veterka.cz\/wordpress\/wp-content\/uploads\/2025\/07\/veterina-v-Koprivnici-scaled.jpg 1920w\" sizes=\"auto, (max-width: 768px) 100vw, 768px\" \/><\/figure>\n\n<h3 class=\"wp-block-heading\" style=\"font-size:clamp(14px, 0.875rem + ((1vw - 3.2px) * 0.625), 20px);line-height:1.5\"><\/h3><\/div>\n\n<div class=\"wp-block-column has-tertiary-background-color has-background is-layout-flow wp-block-column-is-layout-flow\" style=\"padding-top:1.5rem;padding-right:1.5rem;padding-bottom:1.5rem;padding-left:1.5rem\"><h3 class=\"wp-block-heading\" style=\"font-size:clamp(14px, 0.875rem + ((1vw - 3.2px) * 0.625), 20px);line-height:1.5\">Seznamte se<\/h3>\n\n<ul class=\"wp-block-list\"><li>l\u00e9ka\u0159ka s 10+ letou prax\u00ed<\/li>\n\n<li>\u017eivot a pr\u00e1ce v zahrani\u010d\u00ed (Irsko, Velk\u00e1 Brit\u00e1nie)<\/li>\n\n<li>n\u011bkolik let vedouc\u00ed l\u00e9ka\u0159ka na referen\u010dn\u00ed klinice<\/li>\n\n<li>\u00fa\u010dastnice \u0159ady tuzemsk\u00fdch i zahrani\u010dn\u00edch semin\u00e1\u0159\u016f a kongres\u016f v\u010detn\u011b ESAVS (European School for Advanced Veterinary Studies)<\/li><\/ul>\n\n<p class=\"has-small-font-size\" style=\"margin-top:8px\"><\/p>\n\n<p><\/p>\n\n<p><\/p>\n\n<p><\/p>\n\n<p><\/p>\n\n<p><\/p>\n\n<p><\/p><\/div><\/div><\/div>\n\n<div class=\"wp-block-column is-layout-flow wp-block-column-is-layout-flow\" style=\"flex-basis:50%\"><\/div><\/div><p><\/p>","protected":false},"excerpt":{"rendered":"<p>Veterin\u00e1rn\u00ed ambulance VETERKA Nov\u011b otev\u0159en\u00e1 veterin\u00e1rn\u00ed ambulance se zam\u011b\u0159en\u00edm na preventivn\u00ed medic\u00ednu a stomatologii mal\u00fdch zv\u00ed\u0159at. Na\u0161e hodnoty stoj\u00ed na odbornosti, p\u00e9\u010di a osobn\u00edm p\u0159\u00edstupu ke ka\u017ed\u00e9mu pacientovi. Nab\u00edzen\u00e9 slu\u017eby \u017d\u00e1dn\u00e9 zbyte\u010dn\u00e9 \u010dek\u00e1n\u00ed, ka\u017ed\u00fd pacient je objedn\u00e1n a je na n\u011bj vyhrazeno dostate\u010dn\u00e9 mno\u017estv\u00ed \u010dasu. Objednejte se p\u0159es online rezerva\u010dn\u00ed syst\u00e9m &#8211; rezervovat term\u00edn. Nevyhovuje [&hellip;]<\/p>\n","protected":false},"author":1,"featured_media":0,"parent":0,"menu_order":0,"comment_status":"closed","ping_status":"closed","template":"no-title","meta":{"footnotes":""},"class_list":["post-24","page","type-page","status-publish","hentry"],"aioseo_notices":[],"_links":{"self":[{"href":"https:\/\/www.veterka.cz\/wordpress\/wp-json\/wp\/v2\/pages\/24","targetHints":{"allow":["GET"]}}],"collection":[{"href":"https:\/\/www.veterka.cz\/wordpress\/wp-json\/wp\/v2\/pages"}],"about":[{"href":"https:\/\/www.veterka.cz\/wordpress\/wp-json\/wp\/v2\/types\/page"}],"author":[{"embeddable":true,"href":"https:\/\/www.veterka.cz\/wordpress\/wp-json\/wp\/v2\/users\/1"}],"replies":[{"embeddable":true,"href":"https:\/\/www.veterka.cz\/wordpress\/wp-json\/wp\/v2\/comments?post=24"}],"version-history":[{"count":24,"href":"https:\/\/www.veterka.cz\/wordpress\/wp-json\/wp\/v2\/pages\/24\/revisions"}],"predecessor-version":[{"id":227,"href":"https:\/\/www.veterka.cz\/wordpress\/wp-json\/wp\/v2\/pages\/24\/revisions\/227"}],"wp:attachment":[{"href":"https:\/\/www.veterka.cz\/wordpress\/wp-json\/wp\/v2\/media?parent=24"}],"curies":[{"name":"wp","href":"https:\/\/api.w.org\/{rel}","templated":true}]}}

Úvod

<div class="wp-block-group alignfull has-tertiary-background-color has-background has-global-padding is-layout-constrained wp-container-core-group-is-layout-7276a2bb wp-block-group-is-layout-constrained" id="o-nas" style="margin-top:0;margin-bottom:0;padding-top:var(--wp--preset--spacing--60);padding-right:var(--wp--preset--spacing--30);padding-bottom:var(--wp--preset--spacing--60);padding-left:var(--wp--preset--spacing--30)"><div class="wp-block-columns alignwide are-vertically-aligned-center is-layout-flex wp-container-core-columns-is-layout-47c06fe3 wp-block-columns-is-layout-flex"><div class="wp-block-column is-vertically-aligned-center is-layout-flow wp-block-column-is-layout-flow" style="flex-basis:33.3%"><h2 class="wp-block-heading has-large-font-size">Veterinární ambulance VETERKA</h2>

<p style="margin-top:16px">Nově otevřená veterinární ambulance se zaměřením na preventivní medicínu a stomatologii malých zvířat.</p>

<p></p>

<p style="margin-top:16px">Naše hodnoty stojí na odbornosti, péči a osobním přístupu ke každému pacientovi. </p></div>

<div class="wp-block-column is-layout-flow wp-block-column-is-layout-flow"><figure class="wp-block-image size-full"><img loading="lazy" decoding="async" width="200" height="300" src="https://www.veterka.cz/wordpress/wp-content/uploads/2025/03/FotoTK-1.jpg" alt="" class="wp-image-185"/></figure></div></div></div><div class="wp-block-group alignfull has-background-background-color has-background has-global-padding is-layout-constrained wp-container-core-group-is-layout-7276a2bb wp-block-group-is-layout-constrained" id="sluzby" style="margin-top:0;margin-bottom:0;padding-top:var(--wp--preset--spacing--60);padding-right:var(--wp--preset--spacing--30);padding-bottom:var(--wp--preset--spacing--60);padding-left:var(--wp--preset--spacing--30)"><div class="wp-block-group alignwide is-vertical is-layout-flex wp-container-core-group-is-layout-fe9cc265 wp-block-group-is-layout-flex"><div class="wp-block-group has-global-padding is-layout-constrained wp-block-group-is-layout-constrained"><h2 class="wp-block-heading has-large-font-size">Nabízené služby</h2>

<p style="margin-top:16px">Žádné zbytečné čekání, každý pacient je objednán a je na něj vyhrazeno dostatečné množství času.</p>

<p>Objednejte se přes online rezervační systém &#8211; <a href="http://reenio.cz/cs/redirect/reservationpage/20883" target="_blank" rel="noreferrer noopener">rezervovat termín</a>.</p>

<p>Nevyhovuje vám ordinační doba? Napište na info@veterka.cz nebo volejte na 608 875 925 a domluvíme se na vhodném termínu. Můžete využít i komunikaci přes Viber.</p>

<p style="margin-top:16px"></p></div></div>

<div class="wp-block-columns alignwide is-layout-flex wp-container-core-columns-is-layout-28f84493 wp-block-columns-is-layout-flex"><div class="wp-block-column is-layout-flow wp-block-column-is-layout-flow" style="flex-basis:80%"><div class="wp-block-columns alignwide is-layout-flex wp-container-core-columns-is-layout-28f84493 wp-block-columns-is-layout-flex"><div class="wp-block-column has-tertiary-background-color has-background is-layout-flow wp-block-column-is-layout-flow" style="padding-top:1.5rem;padding-right:1.5rem;padding-bottom:1.5rem;padding-left:1.5rem"><h3 class="wp-block-heading" style="font-size:clamp(14px, 0.875rem + ((1vw - 3.2px) * 0.625), 20px);line-height:1.5">Preventivní péče</h3>

<ul class="wp-block-list"><li>vakcinační programy psů, koček, fretek a králíků</li>

<li>antiparazitární programy</li>

<li>preventivní klinické vyšetření (zdravotní prohlídka)</li>

<li>označení zvířete mikročipem a vystavení europasu nebo očkovacího průkazu</li>

<li>vyšetření ultrazvukem</li>

<li>diagnostika březosti</li>

<li>vyšetření zvířete před cestou do zahraničí</li>

<li>vyšetření zvířete před výstavou či závody</li>

<li>vyšetření zvířete, které poranilo člověka</li>

<li>preventivní a předoperační vyšetření krve</li>

<li>vstupní prohlídky mláďat</li>

<li>preventivní vyšetření geriatrických pacientů</li>

<li>odběr vzorků pro genetické vyšetření</li>

<li>další</li></ul></div>

<div class="wp-block-column has-tertiary-background-color has-background is-layout-flow wp-block-column-is-layout-flow" style="padding-top:1.5rem;padding-right:1.5rem;padding-bottom:1.5rem;padding-left:1.5rem"><h3 class="wp-block-heading" style="font-size:clamp(14px, 0.875rem + ((1vw - 3.2px) * 0.625), 20px);line-height:1.5">Stomatologie</h3>

<ul class="wp-block-list"><li>vyšetření dutiny ústní</li>

<li>zákroky vedené v inhalační anestezii</li>

<li>odstranění zubního kamene ultrazvukem a leštění zubů</li>

<li>řešení píštělí spojených s abscesem u kořene zubu</li>

<li>trhání zubů včetně nevypadlých mléčných zubů</li>

<li>odstranění přerostlých dásní</li>

<li>řešení zánětů dutiny ústní u koček</li>

<li>zubní RTG</li>

<li>další</li></ul>

<p class="has-small-font-size" style="margin-top:8px"></p>

<p></p>

<p></p>

<p></p>

<p></p>

<p></p>

<p></p></div></div></div>

<div class="wp-block-column is-layout-flow wp-block-column-is-layout-flow" style="flex-basis:50%"></div></div></div><div class="wp-block-columns alignwide is-layout-flex wp-container-core-columns-is-layout-28f84493 wp-block-columns-is-layout-flex"><div class="wp-block-column is-layout-flow wp-block-column-is-layout-flow" style="flex-basis:80%"><div class="wp-block-columns alignwide is-layout-flex wp-container-core-columns-is-layout-28f84493 wp-block-columns-is-layout-flex"><div class="wp-block-column has-tertiary-background-color has-background is-layout-flow wp-block-column-is-layout-flow" style="padding-top:1.5rem;padding-right:1.5rem;padding-bottom:1.5rem;padding-left:1.5rem"><figure class="wp-block-image size-large"><img loading="lazy" decoding="async" width="768" height="1024" src="https://www.veterka.cz/wordpress/wp-content/uploads/2025/07/veterina-v-Koprivnici-768x1024.jpg" alt="" class="wp-image-224" srcset="https://www.veterka.cz/wordpress/wp-content/uploads/2025/07/veterina-v-Koprivnici-768x1024.jpg 768w, https://www.veterka.cz/wordpress/wp-content/uploads/2025/07/veterina-v-Koprivnici-225x300.jpg 225w, https://www.veterka.cz/wordpress/wp-content/uploads/2025/07/veterina-v-Koprivnici-1152x1536.jpg 1152w, https://www.veterka.cz/wordpress/wp-content/uploads/2025/07/veterina-v-Koprivnici-1536x2048.jpg 1536w, https://www.veterka.cz/wordpress/wp-content/uploads/2025/07/veterina-v-Koprivnici-600x800.jpg 600w, https://www.veterka.cz/wordpress/wp-content/uploads/2025/07/veterina-v-Koprivnici-scaled.jpg 1920w" sizes="auto, (max-width: 768px) 100vw, 768px" /></figure>

<h3 class="wp-block-heading" style="font-size:clamp(14px, 0.875rem + ((1vw - 3.2px) * 0.625), 20px);line-height:1.5"></h3></div>

<div class="wp-block-column has-tertiary-background-color has-background is-layout-flow wp-block-column-is-layout-flow" style="padding-top:1.5rem;padding-right:1.5rem;padding-bottom:1.5rem;padding-left:1.5rem"><h3 class="wp-block-heading" style="font-size:clamp(14px, 0.875rem + ((1vw - 3.2px) * 0.625), 20px);line-height:1.5">Seznamte se</h3>

<ul class="wp-block-list"><li>lékařka s 10+ letou praxí</li>

<li>život a práce v zahraničí (Irsko, Velká Británie)</li>

<li>několik let vedoucí lékařka na referenční klinice</li>

<li>účastnice řady tuzemských i zahraničních seminářů a kongresů včetně ESAVS (European School for Advanced Veterinary Studies)</li></ul>

<p class="has-small-font-size" style="margin-top:8px"></p>

<p></p>

<p></p>

<p></p>

<p></p>

<p></p>

<p></p></div></div></div>

<div class="wp-block-column is-layout-flow wp-block-column-is-layout-flow" style="flex-basis:50%"></div></div><p></p>

<p>Veterinární ambulance VETERKA Nově otevřená veterinární ambulance se zaměřením na preventivní medicínu a stomatologii malých zvířat. Naše hodnoty stojí na odbornosti, péči a osobním přístupu ke každému pacientovi. Nabízené služby Žádné zbytečné čekání, každý pacient je objednán a je na něj vyhrazeno dostatečné množství času. Objednejte se přes online rezervační systém &#8211; rezervovat termín. Nevyhovuje [&hellip;]</p>
