{"id":127,"date":"2025-03-11T22:34:50","date_gmt":"2025-03-11T22:34:50","guid":{"rendered":"https:\/\/www.veterka.cz\/wordpress\/?page_id=127"},"modified":"2025-07-30T19:57:38","modified_gmt":"2025-07-30T19:57:38","slug":"aktuality","status":"publish","type":"page","link":"https:\/\/www.veterka.cz\/wordpress\/aktuality\/","title":{"rendered":"Aktuality"},"content":{"rendered":"<p><strong><br><\/strong>NOV\u011a sonografick\u00e9 vy\u0161et\u0159en\u00ed &#8211; diagnostika b\u0159ezosti<\/p><p>rezerva\u010dn\u00ed syst\u00e9m spu\u0161t\u011bn: <a href=\"http:\/\/reenio.cz\/cs\/redirect\/reservationpage\/20883\" target=\"_blank\" rel=\"noreferrer noopener\">nov\u00e1 rezervace<\/a><\/p><p>Otev\u0159eli jsme 21. b\u0159ezna 2025<\/p><p><\/p>","protected":false},"excerpt":{"rendered":"<p>NOV\u011a sonografick\u00e9 vy\u0161et\u0159en\u00ed &#8211; diagnostika b\u0159ezosti rezerva\u010dn\u00ed syst\u00e9m spu\u0161t\u011bn: nov\u00e1 rezervace Otev\u0159eli jsme 21. b\u0159ezna 2025<\/p>\n","protected":false},"author":1,"featured_media":0,"parent":0,"menu_order":0,"comment_status":"closed","ping_status":"closed","template":"","meta":{"footnotes":""},"class_list":["post-127","page","type-page","status-publish","hentry"],"aioseo_notices":[],"_links":{"self":[{"href":"https:\/\/www.veterka.cz\/wordpress\/wp-json\/wp\/v2\/pages\/127","targetHints":{"allow":["GET"]}}],"collection":[{"href":"https:\/\/www.veterka.cz\/wordpress\/wp-json\/wp\/v2\/pages"}],"about":[{"href":"https:\/\/www.veterka.cz\/wordpress\/wp-json\/wp\/v2\/types\/page"}],"author":[{"embeddable":true,"href":"https:\/\/www.veterka.cz\/wordpress\/wp-json\/wp\/v2\/users\/1"}],"replies":[{"embeddable":true,"href":"https:\/\/www.veterka.cz\/wordpress\/wp-json\/wp\/v2\/comments?post=127"}],"version-history":[{"count":7,"href":"https:\/\/www.veterka.cz\/wordpress\/wp-json\/wp\/v2\/pages\/127\/revisions"}],"predecessor-version":[{"id":221,"href":"https:\/\/www.veterka.cz\/wordpress\/wp-json\/wp\/v2\/pages\/127\/revisions\/221"}],"wp:attachment":[{"href":"https:\/\/www.veterka.cz\/wordpress\/wp-json\/wp\/v2\/media?parent=127"}],"curies":[{"name":"wp","href":"https:\/\/api.w.org\/{rel}","templated":true}]}}